{"id":19,"date":"2019-06-19T15:38:51","date_gmt":"2019-06-19T13:38:51","guid":{"rendered":"http:\/\/limousin-business.fr\/?page_id=19"},"modified":"2022-11-23T15:31:43","modified_gmt":"2022-11-23T14:31:43","slug":"qui-sommes-nous","status":"publish","type":"page","link":"https:\/\/limousin-business.fr\/index.php\/qui-sommes-nous\/","title":{"rendered":"Limousin Business +"},"content":{"rendered":"\n<div class=\"wp-block-columns has-2-columns is-layout-flex wp-container-core-columns-is-layout-9d6595d7 wp-block-columns-is-layout-flex\">\n<div class=\"wp-block-column is-vertically-aligned-center is-layout-flow wp-block-column-is-layout-flow\">\n<figure class=\"wp-block-image is-resized\"><img loading=\"lazy\" decoding=\"async\" src=\"https:\/\/limousin-business.fr\/wp-content\/uploads\/2019\/07\/photo_J\u00e9r\u00f4me_Debord-683x1024.jpg\" alt=\"\" class=\"wp-image-135\" width=\"430\" height=\"644\" srcset=\"https:\/\/limousin-business.fr\/wp-content\/uploads\/2019\/07\/photo_J\u00e9r\u00f4me_Debord-683x1024.jpg 683w, https:\/\/limousin-business.fr\/wp-content\/uploads\/2019\/07\/photo_J\u00e9r\u00f4me_Debord-200x300.jpg 200w, https:\/\/limousin-business.fr\/wp-content\/uploads\/2019\/07\/photo_J\u00e9r\u00f4me_Debord-768x1152.jpg 768w, https:\/\/limousin-business.fr\/wp-content\/uploads\/2019\/07\/photo_J\u00e9r\u00f4me_Debord.jpg 1067w\" sizes=\"auto, (max-width: 430px) 100vw, 430px\" \/><figcaption class=\"wp-element-caption\"><strong>J\u00e9r\u00f4me DEBORD<\/strong><\/figcaption><\/figure>\n<\/div>\n\n\n\n<div class=\"wp-block-column is-layout-flow wp-block-column-is-layout-flow\">\n<p> La cr\u00e9ation de cette entreprise repose sur les constatations, exp\u00e9riences et comp\u00e9tences acquises au cours des 26 ann\u00e9es du parcours professionnel de J\u00e9r\u00f4me DEBORD. <br><br>Dipl\u00f4m\u00e9 d\u2019une \u00e9cole de commerce, J\u00e9r\u00f4me DEBORD a d\u00e9but\u00e9 sa carri\u00e8re au sein du groupe internationnal LEGRAND en qualit\u00e9 d\u2019ing\u00e9nieur technico-commercial. Il a ensuite int\u00e9gr\u00e9 la CPME (ex CGPME) pour accompagner le d\u00e9veloppement et les missions des structures d\u00e9partementales et r\u00e9gionales de cette organisation patronale, o\u00f9 il exer\u00e7a les fonctions de Directeur de l\u2019Action Territoriale. <br><br> Tr\u00e8s attach\u00e9 au territoire Limousin, il d\u00e9cida de quitter ses responsabilit\u00e9s nationales pour int\u00e9grer le Conseil R\u00e9gional du Limousin o\u00f9 il fut Directeur Environnement et Cadre de Vie. Il avait en charge des politiques touchant \u00e0 l\u2019attractivit\u00e9 et la promotion du territoire, \u00e0 l\u2019accompagnement des porteurs de projets \u00e9conomiques, \u00e0 la sant\u00e9, \u00e0 l\u2019\u00e9nergie, \u00e0 l\u2019efficacit\u00e9 \u00e9nerg\u00e9tique, \u00e0 la biodiversit\u00e9, \u00e0 l\u2019eau\u2026 <br><br> Il occupa \u00e9galement les fonctions de Directeur G\u00e9n\u00e9ral des Services au sein d\u2019une Communaut\u00e9 de Communes puis d\u2019une municipalit\u00e9. <\/p>\n\n\n\n<p>Enfin, il remplit \u00e9galement durant plus de 2 ans les fonctions de Directeur Commercial d&rsquo;une startup \u00e0 la pointe de l&rsquo;innovation dans le domaine des biotechnologies v\u00e9g\u00e9tales, pour laquelle il assura le d\u00e9veloppement commercial dans toute l&rsquo;Europe tout en assumant la strat\u00e9gie de visibilit\u00e9 sur le net et le d\u00e9veloppement de partenariats.<\/p>\n<\/div>\n<\/div>\n\n\n\n<p>Riche du parcours, des comp\u00e9tences et du r\u00e9seau de son\ndirigeant, Limousin Business + souhaite mettre son expertise et celle de ses\npartenaires au service du d\u00e9veloppement des entreprises.<\/p>\n\n\n\n<p>Que vous soyez cr\u00e9ateur ou startuper, commer\u00e7ant ou artisan,\npatron de TPE ou de PME, Limousin Business + dispose d\u2019une offre \u00e9tendue de\nservices vous permettant de g\u00e9rer plus efficacement et confortablement votre\nquotidien, ou bien d\u2019appr\u00e9hender sereinement avec les moyens adapt\u00e9s vos\n\u00e9volutions ou projets de d\u00e9veloppement.<\/p>\n\n\n\n<p>Avec le concours d\u2019experts issus du territoire Limousin ou disposant d\u2019une reconnaissance internationale, Limousin Business + saura r\u00e9pondre \u00e0 tous vos besoins pour votre strat\u00e9gie globale ou en mati\u00e8re de Financements (de votre tr\u00e9sorerie \u00e0 court terme comme de vos projets), de D\u00e9veloppement Commercial, de Communication, ou d&rsquo;Organisation de votre gestion administrative.<\/p>\n","protected":false},"excerpt":{"rendered":"<p>La cr\u00e9ation de cette entreprise repose sur les constatations, exp\u00e9riences et comp\u00e9tences acquises au cours des 26 ann\u00e9es du parcours professionnel de J\u00e9r\u00f4me DEBORD. Dipl\u00f4m\u00e9 d\u2019une \u00e9cole de commerce, J\u00e9r\u00f4me &#8230;<\/p>\n","protected":false},"author":1,"featured_media":0,"parent":0,"menu_order":0,"comment_status":"closed","ping_status":"closed","template":"","meta":{"_monsterinsights_skip_tracking":false,"_monsterinsights_sitenote_active":false,"_monsterinsights_sitenote_note":"","_monsterinsights_sitenote_category":0,"footnotes":""},"class_list":["post-19","page","type-page","status-publish","hentry"],"yoast_head":"<!-- This site is optimized with the Yoast SEO plugin v27.4 - https:\/\/yoast.com\/product\/yoast-seo-wordpress\/ -->\n<title>Limousin Business + - Limousin Business +<\/title>\n<meta name=\"description\" content=\"Riche du parcours, des comp\u00e9tences et du r\u00e9seau de son dirigeant, Limousin Business + souhaite mettre son expertise et celle de ses partenaires au service du d\u00e9veloppement des entreprises. Que vous soyez cr\u00e9ateur ou startuper, commer\u00e7ant ou artisan, patron de TPE ou de PME, Limousin Business + dispose d\u2019une offre \u00e9tendue de services vous permettant de g\u00e9rer plus efficacement et confortablement votre quotidien, ou bien d\u2019appr\u00e9hender sereinement avec les moyens adapt\u00e9s vos \u00e9volutions ou projets de d\u00e9veloppement. Avec le concours d\u2019experts issus du territoire Limousin ou disposant d\u2019une reconnaissance internationale, Limousin Business + saura r\u00e9pondre \u00e0 tous vos besoins pour votre strat\u00e9gie globale ou en mati\u00e8re de Financements (de votre tr\u00e9sorerie \u00e0 court terme comme de vos projets), de D\u00e9veloppement Commercial, de Communication, ou d&#039;Organisation dans votre gestion administrative.\" \/>\n<meta name=\"robots\" content=\"index, follow, max-snippet:-1, max-image-preview:large, max-video-preview:-1\" \/>\n<link rel=\"canonical\" href=\"https:\/\/limousin-business.fr\/index.php\/qui-sommes-nous\/\" \/>\n<meta property=\"og:locale\" content=\"fr_FR\" \/>\n<meta property=\"og:type\" content=\"article\" \/>\n<meta property=\"og:title\" content=\"Limousin Business + - Limousin Business +\" \/>\n<meta property=\"og:description\" content=\"Riche du parcours, des comp\u00e9tences et du r\u00e9seau de son dirigeant, Limousin Business + souhaite mettre son expertise et celle de ses partenaires au service du d\u00e9veloppement des entreprises. Que vous soyez cr\u00e9ateur ou startuper, commer\u00e7ant ou artisan, patron de TPE ou de PME, Limousin Business + dispose d\u2019une offre \u00e9tendue de services vous permettant de g\u00e9rer plus efficacement et confortablement votre quotidien, ou bien d\u2019appr\u00e9hender sereinement avec les moyens adapt\u00e9s vos \u00e9volutions ou projets de d\u00e9veloppement. Avec le concours d\u2019experts issus du territoire Limousin ou disposant d\u2019une reconnaissance internationale, Limousin Business + saura r\u00e9pondre \u00e0 tous vos besoins pour votre strat\u00e9gie globale ou en mati\u00e8re de Financements (de votre tr\u00e9sorerie \u00e0 court terme comme de vos projets), de D\u00e9veloppement Commercial, de Communication, ou d&#039;Organisation dans votre gestion administrative.\" \/>\n<meta property=\"og:url\" content=\"https:\/\/limousin-business.fr\/index.php\/qui-sommes-nous\/\" \/>\n<meta property=\"og:site_name\" content=\"Limousin Business +\" \/>\n<meta property=\"article:publisher\" content=\"https:\/\/www.facebook.com\/JeromeDebord87\" \/>\n<meta property=\"article:modified_time\" content=\"2022-11-23T14:31:43+00:00\" \/>\n<meta name=\"twitter:card\" content=\"summary_large_image\" \/>\n<meta name=\"twitter:label1\" content=\"Dur\u00e9e de lecture estim\u00e9e\" \/>\n\t<meta name=\"twitter:data1\" content=\"2 minutes\" \/>\n<script type=\"application\/ld+json\" class=\"yoast-schema-graph\">{\"@context\":\"https:\\\/\\\/schema.org\",\"@graph\":[{\"@type\":\"WebPage\",\"@id\":\"https:\\\/\\\/limousin-business.fr\\\/index.php\\\/qui-sommes-nous\\\/\",\"url\":\"https:\\\/\\\/limousin-business.fr\\\/index.php\\\/qui-sommes-nous\\\/\",\"name\":\"Limousin Business + - Limousin Business +\",\"isPartOf\":{\"@id\":\"https:\\\/\\\/limousin-business.fr\\\/#website\"},\"datePublished\":\"2019-06-19T13:38:51+00:00\",\"dateModified\":\"2022-11-23T14:31:43+00:00\",\"description\":\"Riche du parcours, des comp\u00e9tences et du r\u00e9seau de son dirigeant, Limousin Business + souhaite mettre son expertise et celle de ses partenaires au service du d\u00e9veloppement des entreprises. Que vous soyez cr\u00e9ateur ou startuper, commer\u00e7ant ou artisan, patron de TPE ou de PME, Limousin Business + dispose d\u2019une offre \u00e9tendue de services vous permettant de g\u00e9rer plus efficacement et confortablement votre quotidien, ou bien d\u2019appr\u00e9hender sereinement avec les moyens adapt\u00e9s vos \u00e9volutions ou projets de d\u00e9veloppement. Avec le concours d\u2019experts issus du territoire Limousin ou disposant d\u2019une reconnaissance internationale, Limousin Business + saura r\u00e9pondre \u00e0 tous vos besoins pour votre strat\u00e9gie globale ou en mati\u00e8re de Financements (de votre tr\u00e9sorerie \u00e0 court terme comme de vos projets), de D\u00e9veloppement Commercial, de Communication, ou d'Organisation dans votre gestion administrative.\",\"breadcrumb\":{\"@id\":\"https:\\\/\\\/limousin-business.fr\\\/index.php\\\/qui-sommes-nous\\\/#breadcrumb\"},\"inLanguage\":\"fr-FR\",\"potentialAction\":[{\"@type\":\"ReadAction\",\"target\":[\"https:\\\/\\\/limousin-business.fr\\\/index.php\\\/qui-sommes-nous\\\/\"]}]},{\"@type\":\"BreadcrumbList\",\"@id\":\"https:\\\/\\\/limousin-business.fr\\\/index.php\\\/qui-sommes-nous\\\/#breadcrumb\",\"itemListElement\":[{\"@type\":\"ListItem\",\"position\":1,\"name\":\"Accueil\",\"item\":\"https:\\\/\\\/limousin-business.fr\\\/\"},{\"@type\":\"ListItem\",\"position\":2,\"name\":\"Limousin Business +\"}]},{\"@type\":\"WebSite\",\"@id\":\"https:\\\/\\\/limousin-business.fr\\\/#website\",\"url\":\"https:\\\/\\\/limousin-business.fr\\\/\",\"name\":\"Limousin Business +\",\"description\":\" Pour Avoir +, \u00catre +, Faire +\",\"publisher\":{\"@id\":\"https:\\\/\\\/limousin-business.fr\\\/#organization\"},\"potentialAction\":[{\"@type\":\"SearchAction\",\"target\":{\"@type\":\"EntryPoint\",\"urlTemplate\":\"https:\\\/\\\/limousin-business.fr\\\/?s={search_term_string}\"},\"query-input\":{\"@type\":\"PropertyValueSpecification\",\"valueRequired\":true,\"valueName\":\"search_term_string\"}}],\"inLanguage\":\"fr-FR\"},{\"@type\":\"Organization\",\"@id\":\"https:\\\/\\\/limousin-business.fr\\\/#organization\",\"name\":\"Limousin Business +\",\"url\":\"https:\\\/\\\/limousin-business.fr\\\/\",\"logo\":{\"@type\":\"ImageObject\",\"inLanguage\":\"fr-FR\",\"@id\":\"https:\\\/\\\/limousin-business.fr\\\/#\\\/schema\\\/logo\\\/image\\\/\",\"url\":\"https:\\\/\\\/limousin-business.fr\\\/wp-content\\\/uploads\\\/2019\\\/07\\\/cropped-logolimousinbusinessvecto-1.jpg\",\"contentUrl\":\"https:\\\/\\\/limousin-business.fr\\\/wp-content\\\/uploads\\\/2019\\\/07\\\/cropped-logolimousinbusinessvecto-1.jpg\",\"width\":824,\"height\":468,\"caption\":\"Limousin Business +\"},\"image\":{\"@id\":\"https:\\\/\\\/limousin-business.fr\\\/#\\\/schema\\\/logo\\\/image\\\/\"},\"sameAs\":[\"https:\\\/\\\/www.facebook.com\\\/JeromeDebord87\"]}]}<\/script>\n<!-- \/ Yoast SEO plugin. -->","yoast_head_json":{"title":"Limousin Business + - Limousin Business +","description":"Riche du parcours, des comp\u00e9tences et du r\u00e9seau de son dirigeant, Limousin Business + souhaite mettre son expertise et celle de ses partenaires au service du d\u00e9veloppement des entreprises. Que vous soyez cr\u00e9ateur ou startuper, commer\u00e7ant ou artisan, patron de TPE ou de PME, Limousin Business + dispose d\u2019une offre \u00e9tendue de services vous permettant de g\u00e9rer plus efficacement et confortablement votre quotidien, ou bien d\u2019appr\u00e9hender sereinement avec les moyens adapt\u00e9s vos \u00e9volutions ou projets de d\u00e9veloppement. Avec le concours d\u2019experts issus du territoire Limousin ou disposant d\u2019une reconnaissance internationale, Limousin Business + saura r\u00e9pondre \u00e0 tous vos besoins pour votre strat\u00e9gie globale ou en mati\u00e8re de Financements (de votre tr\u00e9sorerie \u00e0 court terme comme de vos projets), de D\u00e9veloppement Commercial, de Communication, ou d'Organisation dans votre gestion administrative.","robots":{"index":"index","follow":"follow","max-snippet":"max-snippet:-1","max-image-preview":"max-image-preview:large","max-video-preview":"max-video-preview:-1"},"canonical":"https:\/\/limousin-business.fr\/index.php\/qui-sommes-nous\/","og_locale":"fr_FR","og_type":"article","og_title":"Limousin Business + - Limousin Business +","og_description":"Riche du parcours, des comp\u00e9tences et du r\u00e9seau de son dirigeant, Limousin Business + souhaite mettre son expertise et celle de ses partenaires au service du d\u00e9veloppement des entreprises. Que vous soyez cr\u00e9ateur ou startuper, commer\u00e7ant ou artisan, patron de TPE ou de PME, Limousin Business + dispose d\u2019une offre \u00e9tendue de services vous permettant de g\u00e9rer plus efficacement et confortablement votre quotidien, ou bien d\u2019appr\u00e9hender sereinement avec les moyens adapt\u00e9s vos \u00e9volutions ou projets de d\u00e9veloppement. Avec le concours d\u2019experts issus du territoire Limousin ou disposant d\u2019une reconnaissance internationale, Limousin Business + saura r\u00e9pondre \u00e0 tous vos besoins pour votre strat\u00e9gie globale ou en mati\u00e8re de Financements (de votre tr\u00e9sorerie \u00e0 court terme comme de vos projets), de D\u00e9veloppement Commercial, de Communication, ou d'Organisation dans votre gestion administrative.","og_url":"https:\/\/limousin-business.fr\/index.php\/qui-sommes-nous\/","og_site_name":"Limousin Business +","article_publisher":"https:\/\/www.facebook.com\/JeromeDebord87","article_modified_time":"2022-11-23T14:31:43+00:00","twitter_card":"summary_large_image","twitter_misc":{"Dur\u00e9e de lecture estim\u00e9e":"2 minutes"},"schema":{"@context":"https:\/\/schema.org","@graph":[{"@type":"WebPage","@id":"https:\/\/limousin-business.fr\/index.php\/qui-sommes-nous\/","url":"https:\/\/limousin-business.fr\/index.php\/qui-sommes-nous\/","name":"Limousin Business + - Limousin Business +","isPartOf":{"@id":"https:\/\/limousin-business.fr\/#website"},"datePublished":"2019-06-19T13:38:51+00:00","dateModified":"2022-11-23T14:31:43+00:00","description":"Riche du parcours, des comp\u00e9tences et du r\u00e9seau de son dirigeant, Limousin Business + souhaite mettre son expertise et celle de ses partenaires au service du d\u00e9veloppement des entreprises. Que vous soyez cr\u00e9ateur ou startuper, commer\u00e7ant ou artisan, patron de TPE ou de PME, Limousin Business + dispose d\u2019une offre \u00e9tendue de services vous permettant de g\u00e9rer plus efficacement et confortablement votre quotidien, ou bien d\u2019appr\u00e9hender sereinement avec les moyens adapt\u00e9s vos \u00e9volutions ou projets de d\u00e9veloppement. Avec le concours d\u2019experts issus du territoire Limousin ou disposant d\u2019une reconnaissance internationale, Limousin Business + saura r\u00e9pondre \u00e0 tous vos besoins pour votre strat\u00e9gie globale ou en mati\u00e8re de Financements (de votre tr\u00e9sorerie \u00e0 court terme comme de vos projets), de D\u00e9veloppement Commercial, de Communication, ou d'Organisation dans votre gestion administrative.","breadcrumb":{"@id":"https:\/\/limousin-business.fr\/index.php\/qui-sommes-nous\/#breadcrumb"},"inLanguage":"fr-FR","potentialAction":[{"@type":"ReadAction","target":["https:\/\/limousin-business.fr\/index.php\/qui-sommes-nous\/"]}]},{"@type":"BreadcrumbList","@id":"https:\/\/limousin-business.fr\/index.php\/qui-sommes-nous\/#breadcrumb","itemListElement":[{"@type":"ListItem","position":1,"name":"Accueil","item":"https:\/\/limousin-business.fr\/"},{"@type":"ListItem","position":2,"name":"Limousin Business +"}]},{"@type":"WebSite","@id":"https:\/\/limousin-business.fr\/#website","url":"https:\/\/limousin-business.fr\/","name":"Limousin Business +","description":" Pour Avoir +, \u00catre +, Faire +","publisher":{"@id":"https:\/\/limousin-business.fr\/#organization"},"potentialAction":[{"@type":"SearchAction","target":{"@type":"EntryPoint","urlTemplate":"https:\/\/limousin-business.fr\/?s={search_term_string}"},"query-input":{"@type":"PropertyValueSpecification","valueRequired":true,"valueName":"search_term_string"}}],"inLanguage":"fr-FR"},{"@type":"Organization","@id":"https:\/\/limousin-business.fr\/#organization","name":"Limousin Business +","url":"https:\/\/limousin-business.fr\/","logo":{"@type":"ImageObject","inLanguage":"fr-FR","@id":"https:\/\/limousin-business.fr\/#\/schema\/logo\/image\/","url":"https:\/\/limousin-business.fr\/wp-content\/uploads\/2019\/07\/cropped-logolimousinbusinessvecto-1.jpg","contentUrl":"https:\/\/limousin-business.fr\/wp-content\/uploads\/2019\/07\/cropped-logolimousinbusinessvecto-1.jpg","width":824,"height":468,"caption":"Limousin Business +"},"image":{"@id":"https:\/\/limousin-business.fr\/#\/schema\/logo\/image\/"},"sameAs":["https:\/\/www.facebook.com\/JeromeDebord87"]}]}},"_links":{"self":[{"href":"https:\/\/limousin-business.fr\/index.php\/wp-json\/wp\/v2\/pages\/19","targetHints":{"allow":["GET"]}}],"collection":[{"href":"https:\/\/limousin-business.fr\/index.php\/wp-json\/wp\/v2\/pages"}],"about":[{"href":"https:\/\/limousin-business.fr\/index.php\/wp-json\/wp\/v2\/types\/page"}],"author":[{"embeddable":true,"href":"https:\/\/limousin-business.fr\/index.php\/wp-json\/wp\/v2\/users\/1"}],"replies":[{"embeddable":true,"href":"https:\/\/limousin-business.fr\/index.php\/wp-json\/wp\/v2\/comments?post=19"}],"version-history":[{"count":14,"href":"https:\/\/limousin-business.fr\/index.php\/wp-json\/wp\/v2\/pages\/19\/revisions"}],"predecessor-version":[{"id":436,"href":"https:\/\/limousin-business.fr\/index.php\/wp-json\/wp\/v2\/pages\/19\/revisions\/436"}],"wp:attachment":[{"href":"https:\/\/limousin-business.fr\/index.php\/wp-json\/wp\/v2\/media?parent=19"}],"curies":[{"name":"wp","href":"https:\/\/api.w.org\/{rel}","templated":true}]}}